s 332 a factor of 964403560?
True
Is 5 a factor of 2431834?
False
Is 973870199 a multiple of 457?
True
Does 20 divide 258582000?
True
Does 263 divide 1521040454?
False
Is 74 a factor of 48684242?
False
Is 13 a factor of 156964094?
False
Is 78 a factor of 751893480?
True
Is 6567562 a multiple of 10?
False
Is 215430818 a multiple of 139?
True
Is 52779825 a multiple of 75?
True
Is 52033185 a multiple of 15?
True
Is 653779638 a multiple of 31?
False
Is 2452874560 a multiple of 92?
True
Is 736802 a multiple of 22?
True
Is 23756910 a multiple of 6?
True
Does 36 divide 25614036?
True
Is 707950674 a multiple of 9?
True
Is 100644698 a multiple of 1431?
False
Is 21 a factor of 11513922?
True
Is 742565355 a multiple of 833?
True
Is 481867936 a multiple of 88?
True
Does 98 divide 787310930?
True
Does 132 divide 43868880?
True
Is 397 a factor of 294539134?
False
Does 453 divide 669184284?
True
Is 110247409 a multiple of 223?
True
Does 22 divide 41530148?
True
Is 85 a factor of 2749742371?
False
Does 10 divide 32486390?
True
Is 27 a factor of 946217091?
False
Does 519 divide 8285779?
False
Does 683 divide 394716628?
True
Does 14 divide 119216734?
True
Is 1315 a factor of 21731690?
True
Is 77 a factor of 69784093?
False
Is 36737520 a multiple of 26?
False
Is 1265478777 a multiple of 33?
False
Does 9 divide 599533675?
False
Does 251 divide 3180367035?
True
Does 3604 divide 108317994?
False
Is 2315296084 a multiple of 71?
True
Does 23 divide 2510624156?
True
Is 16 a factor of 46830576?
True
Does 436 divide 16234937?
False
Is 199 a factor of 5238414726?
False
Is 5 a factor of 27981909?
False
Does 3628 divide 365789472?
True
Is 183724230 a multiple of 1770?
True
Is 2489914883 a multiple of 24?
False
Does 45 divide 6022215?
True
Is 158098756 a multiple of 463?
False
Does 1381 divide 86836901?
False
Is 88 a factor of 943416320?
True
Does 13 divide 21222840?
False
Is 134139239 a multiple of 42?
False
Does 1488 divide 907772256?
True
Does 15 divide 10613342222?
False
Is 56 a factor of 121405144?
True
Does 270 divide 1570153680?
True
Is 962 a factor of 418705690?
True
Is 8 a factor of 3300371112?
True
Is 195733818 a multiple of 5754?
True
Does 11 divide 48728179?
False
Is 23 a factor of 137831962?
True
Does 11 divide 47136914?
True
Is 15874650 a multiple of 90?
True
Does 19 divide 795295787?
True
Is 14 a factor of 14326284?
True
Does 14 divide 74005274?
True
Does 11 divide 33414582?
False
Does 424 divide 12403568?
False
Does 28 divide 4771217?
False
Does 449 divide 34322009?
True
Is 57455003 a multiple of 516?
False
Does 53 divide 837969803?
True
Is 44200695 a multiple of 1715?
True
Does 87 divide 692968311?
True
Is 55232127 a multiple of 447?
False
Is 6 a factor of 59343108?
True
Is 202 a factor of 4315023606?
True
Is 920 a factor of 60651000?
True
Does 275 divide 130637544?
False
Does 33 divide 4943651?
False
Is 131 a factor of 63767656?
True
Is 37 a factor of 1211121892?
False
Is 145 a factor of 14345865?
True
Is 351394695 a multiple of 930?
False
Is 23 a factor of 23771052?
True
Does 40 divide 117587000?
True
Does 6 divide 594624?
True
Does 7 divide 101004953?
True
Does 206 divide 2323549602?
True
Is 2610400 a multiple of 25?
True
Is 2573592 a multiple of 7?
True
Is 1045 a factor of 1461494155?
True
Is 1068321660 a multiple of 140?
True
Is 48059081 a multiple of 1550?
False
Is 3767 a factor of 1372502679?
False
Is 613637280 a multiple of 24?
True
Is 703218365 a multiple of 128?
False
Does 30 divide 361592299?
False
Is 11 a factor of 2162587889?
True
Does 563 divide 1660178343?
False
Is 14 a factor of 90802677?
False
Does 22 divide 35757590?
True
Is 41702733 a multiple of 2040?
False
Is 74 a factor of 76521920?
True
Is 6 a factor of 951732801?
False
Is 13 a factor of 19354825?
False
Does 11 divide 798395499?
True
Is 300 a factor of 34387165?
False
Does 287 divide 58447228?
False
Is 2057 a factor of 31289027?
True
Is 66 a factor of 3831300?
True
Does 169 divide 42614128?
False
Is 4799995 a multiple of 120?
False
Is 861 a factor of 71868531?
True
Does 6141 divide 3234640096?
False
Is 72 a factor of 23286600?
True
Is 1901361971 a multiple of 175?
False
Does 262 divide 408036704?
True
Does 35 divide 57911943?
False
Is 1838 a factor of 4413038?
True
Is 3062229 a multiple of 128?
False
Is 204804719 a multiple of 197?
False
Does 32 divide 7291212?
False
Is 877622331 a multiple of 37?
False
Is 4675 a factor of 895463525?
True
Is 14272478 a multiple of 11?
True
Does 1059 divide 110750220?
True
Is 5060 a factor of 1919080900?
True
Does 123 divide 18272880?
True
Does 594 divide 145576941?
False
Does 7 divide 1732122?
True
Does 2546 divide 490738024?
False
Is 6 a factor of 1656256021?
False
Is 1448165759 a multiple of 8?
False
Does 5 divide 407474545?
True
Is 88 a factor of 238797014?
False
Is 13 a factor of 50601682?
False
Is 3 a factor of 4854505?
False
Is 33 a factor of 177642387?
False
Is 224420677 a multiple of 169?
True
Is 12662611 a multiple of 208?
False
Does 29 divide 150574496?
True
Is 72 a factor of 1090480435?
False
Is 14 a factor of 95531090?
False
Does 97 divide 47381978?
True
Is 26527764 a multiple of 396?
False
Is 8 a factor of 19360063?
False
Is 5 a factor of 593322663?
False
Is 46 a factor of 11175313?
False
Is 69 a factor of 233121919?
False
Does 15 divide 55697312?
False
Is 2581 a factor of 2855804232?
True
Does 2289 divide 178228407?
True
Is 61 a factor of 142723713?
True
Is 3636234060 a multiple of 1778?
False
Is 946 a factor of 33273658?
True
Does 12 divide 1042141728?
True
Is 49 a factor of 2289235263?
True
Does 150 divide 284138491?
False
Does 105 divide 346580388?
False
Is 32774872 a multiple of 52?
True
Does 58 divide 33464559?
False
Is 8 a factor of 8602295?
False
Is 1670 a factor of 271288160?
True
Does 726 divide 158236782?
True
Does 914 divide 245164962?
True
Does 331 divide 136014603?
False
Does 52 divide 189239752?
True
Is 199 a factor of 8279927?
False
Does 27 divide 1447705548?
True
Is 7438960 a multiple of 143?
False
Does 112 divide 7861728?
True
Is 49 a factor of 15787908?
False
Is 2380525300 a multiple of 5690?
True
Is 10 a factor of 22150165?
False
Does 25 divide 189317774?
False
Does 2504 divide 129934892?
False
Is 1053746960 a multiple of 70?
True
Is 17 a factor of 5656994?
False
Is 3 a factor of 9538018?
False
Is 6609832 a multiple of 23?
True
Does 532 divide 2496234223?
False
Is 26 a factor of 108654744?
False
Is 43 a factor of 776740362?
False
Is 459 a factor of 484178194?
False
Is 116951320 a multiple of 20?
True
Does 703 divide 738166169?
True
Is 653 a factor of 223166668?
True
Does 387 divide 2828022142?
False
Is 2373 a factor of 124516056?
True
Does 4 divide 25079060?
True
Is 3958074 even?
True
Is 121 a factor of 115291110?
False
Is 16 a factor of 16264624?
True
Is 24 a factor of 1239915048?
True
Is 1102 a factor of 841317191?
False
Is 3 a factor of 339970017?
True
Is 23664654 a multiple of 9?
True
Is 485 a factor of 1140467800?
True
Is 869202437 a multiple of 6204?
False
Does 51 divide 14829314?
False
Does 51 divide 19238373?
True
Is 40 a factor of 4108676?
False
Is 8 a factor of 110098165?
False
Does 123 divide 1176163761?
True
Does 6 divide 79146776?
False
Is 521862804 a multiple of 346?
True
Does 35 divide 68061341?
False
Is 1186779600 a multiple of 1296?
True
Is 162 a factor of 9976007?
False
Is 3 a factor of 4179038?
False
Is 8444459 a multiple of 10?
False
Is 1744 a factor of 3646970892?
False
Is 307780698 a multiple of 6?
True
Is 13 a factor of 66706042?
True
Does 139 divide 82616296?
False
Does 88 divide 11789712?
True
Is 361767014 a multiple of 1582?
True
Is 17922462 a multiple of 3981?
True
Is 12236861 a multiple of 91?
True
Is 5276275554 a multiple of 35?
False
Is 17 a factor of 82128666?
True
Does 144 divide 81800928?
True
Is 31704244 a multiple of 559?
True
Does 5 divide 40136510?
True
Is 257754011 a multiple of 329?
False
Is 112117770 a multiple of 90?
True
Does 23 divide 1594897616?
False
Is 812403053 a multiple of 389?
False
Is 7 a factor of 12121172?
True
Does 131 divide 17374796?
False
Is 86696405 a multiple of 285?
False
Does 3822 divide 70515900?
True
Is 37 a factor of 653570960?
True
Is 472 a factor of 4920202?
False
Does 31 divide 170959370?
False
Is 1331904592 a multiple of 16?
True
Does 496 divide 1